{"id":1533,"date":"2026-01-27T14:35:24","date_gmt":"2026-01-27T14:35:24","guid":{"rendered":"https:\/\/www.taikaponit.fi\/?page_id=1533"},"modified":"2026-02-11T09:42:43","modified_gmt":"2026-02-11T09:42:43","slug":"yhteystiedot","status":"publish","type":"page","link":"http:\/\/www.taikaponit.fi\/?page_id=1533","title":{"rendered":"Yhteystiedot"},"content":{"rendered":"<div class=\"brz brz-root__container brz-reset-all brz-root__container-page\" >\n<section id=\"aahQunlAK0lb_aahQunlAK0lb\" class=\"brz-section brz-css-d-section brz-css-ep9fad\">\n<div class=\"brz-section__content brz-section--boxed brz-css-d-sectionitem-bg brz-css-a1f0ih\" data-brz-custom-id=\"wzkwqkhVpBrq\">\n<div class=\"brz-bg\">\n<div class=\"brz-bg-image\"><\/div>\n<\/div>\n<div class=\"brz-container brz-css-d-sectionitem-container brz-css-jzcmm2\">\n<div id=\"\" class=\"brz-css-d-wrapper brz-css-765p3 brz-wrapper\">\n<div class=\"brz-menu-simple brz-css-d-wpnavigation brz-css-5dab65\">\n<div style=\"min-height:20px\">\n<div class=\"menu-valikko-1-container\">\n<ul id=\"menu-valikko-1\" class=\"menu\">\n<li id=\"menu-item-1641\" class=\"menu-item menu-item-type-post_type menu-item-object-page menu-item-home menu-item-1641\"><a href=\"https:\/\/www.taikaponit.fi\/\">Etusivu<\/a><\/li>\n<li id=\"menu-item-294\" class=\"menu-item menu-item-type-custom menu-item-object-custom menu-item-has-children menu-item-294\"><a href=\"#palvelut\">Palvelut<\/a>\n<ul class=\"sub-menu\">\n<li id=\"menu-item-1391\" class=\"menu-item menu-item-type-post_type menu-item-object-page menu-item-1391\"><a href=\"https:\/\/www.taikaponit.fi\/?page_id=1385\">Taikaratsastus<\/a><\/li>\n<li id=\"menu-item-1265\" class=\"menu-item menu-item-type-post_type menu-item-object-page menu-item-1265\"><a href=\"https:\/\/www.taikaponit.fi\/?page_id=1259\">Leikkitunti<\/a><\/li>\n<li id=\"menu-item-1279\" class=\"menu-item menu-item-type-post_type menu-item-object-page menu-item-1279\"><a href=\"https:\/\/www.taikaponit.fi\/?page_id=1267\">Taikatenavat<\/a><\/li>\n<li id=\"menu-item-1486\" class=\"menu-item menu-item-type-post_type menu-item-object-page menu-item-1486\"><a href=\"https:\/\/www.taikaponit.fi\/?page_id=1480\">Talent<\/a><\/li>\n<li id=\"menu-item-1286\" class=\"menu-item menu-item-type-post_type menu-item-object-page menu-item-1286\"><a href=\"https:\/\/www.taikaponit.fi\/?page_id=1280\">Maastoratsastukset<\/a><\/li>\n<li id=\"menu-item-1552\" class=\"menu-item menu-item-type-post_type menu-item-object-page menu-item-1552\"><a href=\"https:\/\/www.taikaponit.fi\/?page_id=1541\">Pollep\u00e4iv\u00e4t ja leirit<\/a><\/li>\n<li id=\"menu-item-1570\" class=\"menu-item menu-item-type-post_type menu-item-object-page menu-item-1570\"><a href=\"https:\/\/www.taikaponit.fi\/?page_id=1563\">Taikaponisyntt\u00e4rit<\/a><\/li>\n<li id=\"menu-item-1321\" class=\"menu-item menu-item-type-post_type menu-item-object-page menu-item-1321\"><a href=\"https:\/\/www.taikaponit.fi\/?page_id=1316\">Ponitalutus tapahtumiin<\/a><\/li>\n<\/ul>\n<\/li>\n<li id=\"menu-item-295\" class=\"menu-item menu-item-type-custom menu-item-object-custom menu-item-has-children menu-item-295\"><a href=\"#meista\">Meist\u00e4<\/a>\n<ul class=\"sub-menu\">\n<li id=\"menu-item-1322\" class=\"menu-item menu-item-type-post_type menu-item-object-page menu-item-1322\"><a href=\"https:\/\/www.taikaponit.fi\/?page_id=1309\">Esittely<\/a><\/li>\n<li id=\"menu-item-1472\" class=\"menu-item menu-item-type-post_type menu-item-object-page menu-item-1472\"><a href=\"https:\/\/www.taikaponit.fi\/?page_id=1467\">Ponit ja hevoset<\/a><\/li>\n<li id=\"menu-item-1562\" class=\"menu-item menu-item-type-post_type menu-item-object-page menu-item-1562\"><a href=\"https:\/\/www.taikaponit.fi\/?page_id=1553\">Muut el\u00e4imet<\/a><\/li>\n<li id=\"menu-item-1479\" class=\"menu-item menu-item-type-post_type menu-item-object-page menu-item-1479\"><a href=\"https:\/\/www.taikaponit.fi\/?page_id=1474\">Henkil\u00f6kunta<\/a><\/li>\n<li id=\"menu-item-1496\" class=\"menu-item menu-item-type-post_type menu-item-object-page menu-item-1496\"><a href=\"https:\/\/www.taikaponit.fi\/?page_id=1488\">UKK<\/a><\/li>\n<\/ul>\n<\/li>\n<li id=\"menu-item-296\" class=\"menu-item menu-item-type-custom menu-item-object-custom menu-item-has-children menu-item-296\"><a href=\"#hinnasto\">Hinnasto<\/a>\n<ul class=\"sub-menu\">\n<li id=\"menu-item-1364\" class=\"menu-item menu-item-type-post_type menu-item-object-page menu-item-1364\"><a href=\"https:\/\/www.taikaponit.fi\/?page_id=1349\">Hinnasto<\/a><\/li>\n<\/ul>\n<\/li>\n<li id=\"menu-item-297\" class=\"menu-item menu-item-type-custom menu-item-object-custom menu-item-has-children menu-item-297\"><a href=\"#otayhteys\">Ota yhteytt\u00e4<\/a>\n<ul class=\"sub-menu\">\n<li id=\"menu-item-1526\" class=\"menu-item menu-item-type-post_type menu-item-object-page menu-item-1526\"><a href=\"https:\/\/www.taikaponit.fi\/?page_id=1521\">Sijainti<\/a><\/li>\n<li id=\"menu-item-1538\" class=\"menu-item menu-item-type-post_type menu-item-object-page menu-item-1538\"><a href=\"https:\/\/www.taikaponit.fi\/?page_id=1533\">Yhteystiedot<\/a><\/li>\n<\/ul>\n<\/li>\n<\/ul>\n<\/div>\n<\/div>\n<\/div>\n<\/div>\n<div id=\"\" class=\"brz-css-d-wrapper brz-css-1mycpk1 brz-wrapper\">\n<div class=\"brz-rich-text brz-rich-text__custom brz-css-d-richtext brz-css-5z2d32\" data-brz-custom-id=\"w2nL23d5v8lz\">\n<div data-brz-translate-text=\"1\">\n<h2 class=\"brz-tp-lg-heading2 brz-text-lg-center brz-css-xa2Cq\" data-generated-css=\"brz-css-p8M1P\" data-uniq-id=\"wSts0\"><\/h2>\n<\/div>\n<\/div>\n<\/div>\n<div id=\"\" class=\"brz-css-d-wrapper brz-css-1cmk5ut brz-wrapper\">\n<div class=\"brz-rich-text brz-rich-text__custom brz-css-d-richtext brz-css-1lmsao4\" data-brz-custom-id=\"uoHufKStqyLH\">\n<div data-brz-translate-text=\"1\">\n<p class=\"brz-text-lg-center brz-tp-lg-subtitle brz-css-e0NSW\" data-generated-css=\"brz-css-zprgC\" data-uniq-id=\"szm4R\"><\/p>\n<\/div>\n<\/div>\n<\/div>\n<div id=\"\" class=\"brz-css-d-wrapper brz-css-1e3t745 brz-wrapper\">\n<div class=\"brz-rich-text brz-rich-text__custom brz-css-d-richtext brz-css-10ndcas\" data-brz-custom-id=\"nAB3oL89HXoy\">\n<div data-brz-translate-text=\"1\">\n<p class=\"brz-tp-lg-subtitle brz-text-lg-center brz-css-tifBX\" data-uniq-id=\"pMhjh\" data-generated-css=\"brz-css-fj52p\"><\/p>\n<\/div>\n<\/div>\n<\/div>\n<div id=\"\" class=\"brz-css-d-wrapper brz-css-r-wrapper brz-css-zhup6x brz-wrapper\">\n<div class=\"brz-spacer brz-css-d-spacer brz-css-14lzliq\"><\/div>\n<\/div>\n<\/div>\n<\/div>\n<\/section>\n<section id=\"aKkvvRDLxQQ9_aKkvvRDLxQQ9\" class=\"brz-section brz-css-d-section brz-css-23yegq\">\n<div class=\"brz-section__content brz-section--boxed brz-css-d-sectionitem-bg brz-css-8p2fil\" data-brz-custom-id=\"qV5q12Eyxhwp\">\n<div class=\"brz-bg\">\n<div class=\"brz-bg-color\"><\/div>\n<\/div>\n<div class=\"brz-container brz-css-d-sectionitem-container brz-css-1uqvx8b\">\n<div id=\"\" class=\"brz-css-d-wrapper brz-css-lyigq7 brz-wrapper\">\n<div class=\"brz-rich-text brz-rich-text__custom brz-css-d-richtext brz-css-1fcna6r\" data-brz-custom-id=\"q6R5EJJlk_xB\">\n<div data-brz-translate-text=\"1\">\n<h2 class=\"brz-tp-lg-heading2 brz-text-lg-center brz-css-rDx3k\" data-generated-css=\"brz-css-wa472\" data-uniq-id=\"bl2Uy\"><span style=\"color: rgba(var(--brz-global-color2),1);\" class=\"brz-cp-color2\">Yhteystiedot<\/span><\/h2>\n<\/div>\n<\/div>\n<\/div>\n<div id=\"\" class=\"brz-css-d-wrapper brz-css-1bggmpx brz-wrapper\">\n<div class=\"brz-rich-text brz-rich-text__custom brz-css-d-richtext brz-css-14p3qq\" data-brz-custom-id=\"m4vLJlTHcfrC\">\n<div data-brz-translate-text=\"1\">\n<p class=\"brz-fsft-lg-0 brz-fwdth-lg-100 brz-vfw-lg-400 brz-lh-lg-1_7 brz-ls-lg-0 brz-fw-lg-300 brz-fss-lg-px brz-fs-lg-20 brz-ft-google brz-ff-noto_serif brz-tp-lg-empty brz-text-lg-center brz-css-k23Um\" data-generated-css=\"brz-css-zaRqb\" data-uniq-id=\"vNbPh\"><u class=\"brz-underline-true brz-cp-color2\" style=\"color: rgba(var(--brz-global-color2),1);\">Katja Karhu,<\/u><\/p>\n<p class=\"brz-fsft-lg-0 brz-fwdth-lg-100 brz-vfw-lg-400 brz-lh-lg-1_7 brz-ls-lg-0 brz-fw-lg-300 brz-fss-lg-px brz-fs-lg-20 brz-ft-google brz-ff-noto_serif brz-tp-lg-empty brz-text-lg-center brz-css-r_7oT\" data-generated-css=\"brz-css-vpZ9w\" data-uniq-id=\"tMgfA\"><u class=\"brz-underline-true brz-cp-color2\" style=\"color: rgba(var(--brz-global-color2),1);\">Puh 050 327 6397<\/u><\/p>\n<p class=\"brz-text-lg-center brz-tp-lg-subtitle brz-css-hLdm1\" data-generated-css=\"brz-css-yNUcm\" data-uniq-id=\"aVk43\"><span class=\"brz-cp-color2\" style=\"color: rgba(var(--brz-global-color2),1);\">*yritt\u00e4j\u00e4<\/span><\/p>\n<p class=\"brz-text-lg-center brz-tp-lg-subtitle brz-css-fSc1X\" data-generated-css=\"brz-css-ppt6g\" data-uniq-id=\"s_mFW\"><span class=\"brz-cp-color2\" style=\"color: rgba(var(--brz-global-color2),1);\">*tuntivaraukset<\/span><\/p>\n<p class=\"brz-text-lg-center brz-tp-lg-subtitle brz-css-ah1YK\" data-generated-css=\"brz-css-ya9w2\" data-uniq-id=\"tkuLR\"><span class=\"brz-cp-color2\" style=\"color: rgba(var(--brz-global-color2),1);\">*tapahtumat <\/span><\/p>\n<p class=\"brz-text-lg-center brz-tp-lg-subtitle brz-css-nBVcJ\" data-generated-css=\"brz-css-qNXqY\" data-uniq-id=\"wS95L\"><\/p>\n<p class=\"brz-tp-lg-subtitle brz-text-lg-center brz-css-zobxs\" data-generated-css=\"brz-css-z8fb8\" data-uniq-id=\"e13Ee\"><\/p>\n<p class=\"brz-fsft-lg-0 brz-fwdth-lg-100 brz-vfw-lg-400 brz-lh-lg-1_7 brz-ls-lg-0 brz-fw-lg-300 brz-fss-lg-px brz-fs-lg-20 brz-ft-google brz-ff-noto_serif brz-tp-lg-empty brz-text-lg-center brz-css-g2OjF\" data-generated-css=\"brz-css-d9dFu\" data-uniq-id=\"iBYmB\"><u class=\"brz-underline-true brz-cp-color2\" style=\"color: rgba(var(--brz-global-color2),1);\"> Annika Kokko,<\/u><\/p>\n<p class=\"brz-fsft-lg-0 brz-fwdth-lg-100 brz-vfw-lg-400 brz-lh-lg-1_7 brz-ls-lg-0 brz-fw-lg-300 brz-fss-lg-px brz-fs-lg-20 brz-ft-google brz-ff-noto_serif brz-tp-lg-empty brz-text-lg-center brz-css-vPD4U\" data-generated-css=\"brz-css-wZMeL\" data-uniq-id=\"jwL1P\"><u class=\"brz-underline-true brz-cp-color2\" style=\"color: rgba(var(--brz-global-color2),1);\">Puh 045 611 7181<\/u><\/p>\n<p class=\"brz-text-lg-center brz-tp-lg-subtitle brz-css-xKgI6\" data-generated-css=\"brz-css-k_g3M\" data-uniq-id=\"koljS\"><span class=\"brz-cp-color2\" style=\"color: rgba(var(--brz-global-color2),1);\">*talent-ratsastukset <\/span><\/p>\n<p class=\"brz-text-lg-center brz-tp-lg-subtitle brz-css-lcRIc\" data-generated-css=\"brz-css-oaMtL\" data-uniq-id=\"xHCkZ\"><span class=\"brz-cp-color2\" style=\"color: rgba(var(--brz-global-color2),1);\"> <\/span><\/p>\n<p class=\"brz-text-lg-center brz-tp-lg-subtitle brz-css-evrGX\" data-generated-css=\"brz-css-rEzw1\" data-uniq-id=\"oCVTM\"><span class=\"brz-cp-color2\" style=\"color: rgba(var(--brz-global-color2),1);\"> <\/span><\/p>\n<p class=\"brz-fss-lg-px brz-fw-lg-300 brz-ls-lg-0 brz-lh-lg-1_7 brz-vfw-lg-400 brz-fwdth-lg-100 brz-fsft-lg-0 brz-text-lg-center brz-tp-lg-empty brz-ff-noto_serif brz-ft-google brz-fs-lg-20 brz-css-gET3_\" data-generated-css=\"brz-css-ipAtB\" data-uniq-id=\"dzo_d\"><span class=\"brz-cp-color2\" style=\"color: rgba(var(--brz-global-color2),1);\">taikaponit@outlook.com <\/span><\/p>\n<p class=\"brz-text-lg-center brz-tp-lg-subtitle brz-css-jXKu_\" data-generated-css=\"brz-css-wJSpV\" data-uniq-id=\"kd_9R\"><span class=\"brz-cp-color2\" style=\"color: rgba(var(--brz-global-color2),1);\"> <\/span><\/p>\n<p class=\"brz-text-lg-center brz-tp-lg-subtitle brz-css-jHo0d\" data-generated-css=\"brz-css-e8Fqd\" data-uniq-id=\"rey6u\"><span class=\"brz-cp-color2\" style=\"color: rgba(var(--brz-global-color2),1);\"> <\/span><\/p>\n<p class=\"brz-text-lg-center brz-tp-lg-subtitle brz-css-qham6\" data-generated-css=\"brz-css-vC7Zn\" data-uniq-id=\"qaBcU\"><span class=\"brz-cp-color2\" style=\"color: rgba(var(--brz-global-color2),1);\">Facebook &#8211; Taikaponit<\/span><\/p>\n<p class=\"brz-text-lg-center brz-tp-lg-subtitle brz-css-sg8wE\" data-generated-css=\"brz-css-kHSzw\" data-uniq-id=\"fNAfL\"><span class=\"brz-cp-color2\" style=\"color: rgba(var(--brz-global-color2),1);\">Instagram &#8211; tuomarlantaikaponit<\/span><\/p>\n<p class=\"brz-text-lg-center brz-tp-lg-subtitle brz-css-iIL6h\" data-generated-css=\"brz-css-adRGC\" data-uniq-id=\"rctkX\"><span class=\"brz-cp-color2\" style=\"color: rgba(var(--brz-global-color2),1);\">Tiktok &#8211; tuomarlan_taikaponit<\/span><\/p>\n<p class=\"brz-text-lg-center brz-tp-lg-subtitle brz-css-l2ZWy\" data-generated-css=\"brz-css-iWpt6\" data-uniq-id=\"n7ygX\"><span class=\"brz-cp-color2\" style=\"color: rgba(var(--brz-global-color2),1);\"> <\/span><\/p>\n<p class=\"brz-text-lg-center brz-tp-lg-subtitle brz-css-n40V2\" data-generated-css=\"brz-css-uVJBG\" data-uniq-id=\"tq1Ea\"><span class=\"brz-cp-color2\" style=\"color: rgba(var(--brz-global-color2),1);\"> <\/span><\/p>\n<p class=\"brz-text-lg-center brz-tp-lg-subtitle brz-css-c4tlY\" data-generated-css=\"brz-css-ourU5\" data-uniq-id=\"n4LvJ\"><span class=\"brz-cp-color2\" style=\"color: rgba(var(--brz-global-color2),1);\"> <\/span><\/p>\n<\/div>\n<\/div>\n<\/div>\n<div id=\"\" class=\"brz-css-d-wrapper brz-css-r-wrapper brz-css-j1ds8a brz-wrapper\">\n<div class=\"brz-spacer brz-css-d-spacer brz-css-1p2kl5m\"><\/div>\n<\/div>\n<\/div>\n<\/div>\n<\/section><\/div>\n<p><!-- version:1770802963 --><\/p>\n","protected":false},"excerpt":{"rendered":"<p>Etusivu Palvelut Taikaratsastus Leikkitunti Taikatenavat Talent Maastoratsastukset Pollep\u00e4iv\u00e4t ja leirit Taikaponisyntt\u00e4rit Ponitalutus tapahtumiin Meist\u00e4 Esittely Ponit ja hevoset Muut el\u00e4imet Henkil\u00f6kunta UKK Hinnasto Hinnasto Ota yhteytt\u00e4 Sijainti Yhteystiedot Yhteystiedot Katja Karhu, Puh 050 327 6397 *yritt\u00e4j\u00e4 *tuntivaraukset *tapahtumat Annika Kokko, Puh 045 611 7181 *talent-ratsastukset taikaponit@outlook.com Facebook &#8211; Taikaponit Instagram [&hellip;]<\/p>\n","protected":false},"author":1,"featured_media":0,"parent":0,"menu_order":0,"comment_status":"closed","ping_status":"closed","template":"brizy-blank-template.php","meta":{"_themeisle_gutenberg_block_has_review":false,"footnotes":""},"class_list":["post-1533","page","type-page","status-publish","hentry"],"brizy_media":[{"id":933,"url":"http:\/\/www.taikaponit.fi\/wp-content\/uploads\/2025\/04\/Jukkkaa.jpg","name":"Jukkkaa.jpg","meta":{"brizy_attachment_uid":"wp-950ee292b2e337ba00bf825d6c862b5d.jpg","brizy_post_uid":["c9cc880d730fc3033ce3229d2bd0ad6c","215f31bf4b544c6cbd18041112602653"]}},{"id":934,"url":"http:\/\/www.taikaponit.fi\/wp-content\/uploads\/2025\/04\/nettisivuil-katja-1-scaled.jpg","name":"nettisivuil-katja-1.jpg","meta":{"brizy_attachment_uid":"wp-553b7c1e4ec839d40b90cee27b422e6a.jpg","brizy_post_uid":["c9cc880d730fc3033ce3229d2bd0ad6c","215f31bf4b544c6cbd18041112602653"]}},{"id":948,"url":"http:\/\/www.taikaponit.fi\/wp-content\/uploads\/2025\/04\/jupaduuu-scaled.jpg","name":"jupaduuu.jpg","meta":{"brizy_attachment_uid":"wp-1c01354f70b7170b5b7e099714bda1fb.jpg","brizy_post_uid":["c9cc880d730fc3033ce3229d2bd0ad6c","215f31bf4b544c6cbd18041112602653"]}},{"id":952,"url":"http:\/\/www.taikaponit.fi\/wp-content\/uploads\/2025\/04\/f849465d-812f-4378-81d5-de2056c3b4fd.jpg","name":"f849465d-812f-4378-81d5-de2056c3b4fd.jpg","meta":{"brizy_attachment_uid":"wp-a849ddd479ff29d7f16c1805eefac277.jpg","brizy_post_uid":["c9cc880d730fc3033ce3229d2bd0ad6c","215f31bf4b544c6cbd18041112602653"]}},{"id":954,"url":"http:\/\/www.taikaponit.fi\/wp-content\/uploads\/2025\/04\/07576922-a7f2-4a0f-8bd6-07de55888e29.jpg","name":"07576922-a7f2-4a0f-8bd6-07de55888e29.jpg","meta":{"brizy_attachment_uid":"wp-87ec52585e9f98c0214d47c2601d49c8.jpg","brizy_post_uid":["c9cc880d730fc3033ce3229d2bd0ad6c","215f31bf4b544c6cbd18041112602653"]}}],"_links":{"self":[{"href":"http:\/\/www.taikaponit.fi\/index.php?rest_route=\/wp\/v2\/pages\/1533","targetHints":{"allow":["GET"]}}],"collection":[{"href":"http:\/\/www.taikaponit.fi\/index.php?rest_route=\/wp\/v2\/pages"}],"about":[{"href":"http:\/\/www.taikaponit.fi\/index.php?rest_route=\/wp\/v2\/types\/page"}],"author":[{"embeddable":true,"href":"http:\/\/www.taikaponit.fi\/index.php?rest_route=\/wp\/v2\/users\/1"}],"replies":[{"embeddable":true,"href":"http:\/\/www.taikaponit.fi\/index.php?rest_route=%2Fwp%2Fv2%2Fcomments&post=1533"}],"version-history":[{"count":7,"href":"http:\/\/www.taikaponit.fi\/index.php?rest_route=\/wp\/v2\/pages\/1533\/revisions"}],"predecessor-version":[{"id":1663,"href":"http:\/\/www.taikaponit.fi\/index.php?rest_route=\/wp\/v2\/pages\/1533\/revisions\/1663"}],"wp:attachment":[{"href":"http:\/\/www.taikaponit.fi\/index.php?rest_route=%2Fwp%2Fv2%2Fmedia&parent=1533"}],"curies":[{"name":"wp","href":"https:\/\/api.w.org\/{rel}","templated":true}]}}