{"id":1474,"date":"2026-01-27T13:14:21","date_gmt":"2026-01-27T13:14:21","guid":{"rendered":"https:\/\/www.taikaponit.fi\/?page_id=1474"},"modified":"2026-01-27T14:29:27","modified_gmt":"2026-01-27T14:29:27","slug":"henkilokunta","status":"publish","type":"page","link":"https:\/\/www.taikaponit.fi\/?page_id=1474","title":{"rendered":"Henkil\u00f6kunta"},"content":{"rendered":"<div class=\"brz brz-root__container brz-reset-all brz-root__container-page\" >\n<section id=\"aahQunlAK0lb_aahQunlAK0lb\" class=\"brz-section brz-css-d-section brz-css-ep9fad\">\n<div class=\"brz-section__content brz-section--boxed brz-css-d-sectionitem-bg brz-css-a1f0ih\" data-brz-custom-id=\"wzkwqkhVpBrq\">\n<div class=\"brz-bg\">\n<div class=\"brz-bg-image\"><\/div>\n<\/div>\n<div class=\"brz-container brz-css-d-sectionitem-container brz-css-jzcmm2\">\n<div id=\"\" class=\"brz-css-d-wrapper brz-css-765p3 brz-wrapper\">\n<div class=\"brz-menu-simple brz-css-d-wpnavigation brz-css-5dab65\">\n<div style=\"min-height:20px\">\n<div class=\"menu-valikko-1-container\">\n<ul id=\"menu-valikko-1\" class=\"menu\">\n<li id=\"menu-item-293\" class=\"menu-item menu-item-type-custom menu-item-object-custom menu-item-293\"><a href=\"#etusivu\">Etusivu<\/a><\/li>\n<li id=\"menu-item-294\" class=\"menu-item menu-item-type-custom menu-item-object-custom menu-item-has-children menu-item-294\"><a href=\"#palvelut\">Palvelut<\/a>\n<ul class=\"sub-menu\">\n<li id=\"menu-item-1391\" class=\"menu-item menu-item-type-post_type menu-item-object-page menu-item-1391\"><a href=\"https:\/\/www.taikaponit.fi\/?page_id=1385\">Taikaratsastus<\/a><\/li>\n<li id=\"menu-item-1265\" class=\"menu-item menu-item-type-post_type menu-item-object-page menu-item-1265\"><a href=\"https:\/\/www.taikaponit.fi\/?page_id=1259\">Leikkitunti<\/a><\/li>\n<li id=\"menu-item-1279\" class=\"menu-item menu-item-type-post_type menu-item-object-page menu-item-1279\"><a href=\"https:\/\/www.taikaponit.fi\/?page_id=1267\">Taikatenavat<\/a><\/li>\n<li id=\"menu-item-1486\" class=\"menu-item menu-item-type-post_type menu-item-object-page menu-item-1486\"><a href=\"https:\/\/www.taikaponit.fi\/?page_id=1480\">Talent<\/a><\/li>\n<li id=\"menu-item-1286\" class=\"menu-item menu-item-type-post_type menu-item-object-page menu-item-1286\"><a href=\"https:\/\/www.taikaponit.fi\/?page_id=1280\">Maastoratsastukset<\/a><\/li>\n<li id=\"menu-item-1299\" class=\"menu-item menu-item-type-post_type menu-item-object-page menu-item-1299\"><a href=\"https:\/\/www.taikaponit.fi\/?page_id=1294\">Taikaponisyntt\u00e4rit<\/a><\/li>\n<li id=\"menu-item-1308\" class=\"menu-item menu-item-type-post_type menu-item-object-page menu-item-1308\"><a href=\"https:\/\/www.taikaponit.fi\/?page_id=1300\">Pollep\u00e4iv\u00e4t ja leirit<\/a><\/li>\n<li id=\"menu-item-1321\" class=\"menu-item menu-item-type-post_type menu-item-object-page menu-item-1321\"><a href=\"https:\/\/www.taikaponit.fi\/?page_id=1316\">Ponitalutus tapahtumiin<\/a><\/li>\n<\/ul>\n<\/li>\n<li id=\"menu-item-295\" class=\"menu-item menu-item-type-custom menu-item-object-custom menu-item-has-children menu-item-295\"><a href=\"#meista\">Meist\u00e4<\/a>\n<ul class=\"sub-menu\">\n<li id=\"menu-item-1322\" class=\"menu-item menu-item-type-post_type menu-item-object-page menu-item-1322\"><a href=\"https:\/\/www.taikaponit.fi\/?page_id=1309\">Esittely<\/a><\/li>\n<li id=\"menu-item-1472\" class=\"menu-item menu-item-type-post_type menu-item-object-page menu-item-1472\"><a href=\"https:\/\/www.taikaponit.fi\/?page_id=1467\">Ponit ja hevoset<\/a><\/li>\n<li id=\"menu-item-1346\" class=\"menu-item menu-item-type-post_type menu-item-object-page menu-item-1346\"><a href=\"https:\/\/www.taikaponit.fi\/?page_id=1334\">Muut el\u00e4imet<\/a><\/li>\n<li id=\"menu-item-1479\" class=\"menu-item menu-item-type-post_type menu-item-object-page menu-item-1479\"><a href=\"https:\/\/www.taikaponit.fi\/?page_id=1474\">Henkil\u00f6kunta<\/a><\/li>\n<li id=\"menu-item-1496\" class=\"menu-item menu-item-type-post_type menu-item-object-page menu-item-1496\"><a href=\"https:\/\/www.taikaponit.fi\/?page_id=1488\">UKK<\/a><\/li>\n<\/ul>\n<\/li>\n<li id=\"menu-item-296\" class=\"menu-item menu-item-type-custom menu-item-object-custom menu-item-has-children menu-item-296\"><a href=\"#hinnasto\">Hinnasto<\/a>\n<ul class=\"sub-menu\">\n<li id=\"menu-item-1364\" class=\"menu-item menu-item-type-post_type menu-item-object-page menu-item-1364\"><a href=\"https:\/\/www.taikaponit.fi\/?page_id=1349\">Hinnasto<\/a><\/li>\n<\/ul>\n<\/li>\n<li id=\"menu-item-297\" class=\"menu-item menu-item-type-custom menu-item-object-custom menu-item-has-children menu-item-297\"><a href=\"#otayhteys\">Ota yhteytt\u00e4<\/a>\n<ul class=\"sub-menu\">\n<li id=\"menu-item-1526\" class=\"menu-item menu-item-type-post_type menu-item-object-page menu-item-1526\"><a href=\"https:\/\/www.taikaponit.fi\/?page_id=1521\">Sijainti<\/a><\/li>\n<\/ul>\n<\/li>\n<\/ul>\n<\/div>\n<\/div>\n<\/div>\n<\/div>\n<div id=\"\" class=\"brz-css-d-wrapper brz-css-1mycpk1 brz-wrapper\">\n<div class=\"brz-rich-text brz-rich-text__custom brz-css-d-richtext brz-css-5z2d32\" data-brz-custom-id=\"w2nL23d5v8lz\">\n<div data-brz-translate-text=\"1\">\n<h2 class=\"brz-tp-lg-heading2 brz-text-lg-center brz-css-xa2Cq\" data-generated-css=\"brz-css-p8M1P\" data-uniq-id=\"wSts0\"><\/h2>\n<\/div>\n<\/div>\n<\/div>\n<div id=\"\" class=\"brz-css-d-wrapper brz-css-1cmk5ut brz-wrapper\">\n<div class=\"brz-rich-text brz-rich-text__custom brz-css-d-richtext brz-css-1lmsao4\" data-brz-custom-id=\"uoHufKStqyLH\">\n<div data-brz-translate-text=\"1\">\n<p class=\"brz-text-lg-center brz-tp-lg-subtitle brz-css-e0NSW\" data-generated-css=\"brz-css-zprgC\" data-uniq-id=\"szm4R\"><\/p>\n<\/div>\n<\/div>\n<\/div>\n<div id=\"\" class=\"brz-css-d-wrapper brz-css-1e3t745 brz-wrapper\">\n<div class=\"brz-rich-text brz-rich-text__custom brz-css-d-richtext brz-css-10ndcas\" data-brz-custom-id=\"nAB3oL89HXoy\">\n<div data-brz-translate-text=\"1\">\n<p class=\"brz-tp-lg-subtitle brz-text-lg-center brz-css-tifBX\" data-uniq-id=\"pMhjh\" data-generated-css=\"brz-css-fj52p\"><\/p>\n<\/div>\n<\/div>\n<\/div>\n<div id=\"\" class=\"brz-css-d-wrapper brz-css-r-wrapper brz-css-zhup6x brz-wrapper\">\n<div class=\"brz-spacer brz-css-d-spacer brz-css-14lzliq\"><\/div>\n<\/div>\n<\/div>\n<\/div>\n<\/section>\n<section id=\"d6DeTk5rZvzI_d6DeTk5rZvzI\" class=\"brz-section brz-css-d-section brz-css-qoxpsn\">\n<div class=\"brz-section__content brz-section--boxed brz-css-d-sectionitem-bg brz-css-rmrpdb\" data-brz-custom-id=\"mHCavHVv4RZm\">\n<div class=\"brz-bg\">\n<div class=\"brz-bg-color\"><\/div>\n<\/div>\n<div class=\"brz-container brz-css-d-sectionitem-container brz-css-1b2qty7\">\n<div class=\"brz-row__container brz-css-d-row-row brz-css-1n1l1bd\" data-brz-custom-id=\"u_1AY0nJJCh2\">\n<div class=\"brz-row brz-css-d-row-container brz-css-r-row-container brz-css-11u9cns\">\n<div class=\"brz-columns brz-css-d-column-column brz-css-1pz9jjo\" data-brz-custom-id=\"eNb141e3nGfN\">\n<div class=\"brz-column__items brz-css-d-column-bg brz-css-thw2vo\">\n<div id=\"\" class=\"brz-css-d-wrapper brz-css-nk2epb brz-wrapper\">\n<div class=\"brz-image brz-css-d-image-v6ut338qv2kh-parent brz-css-1op1ath\" data-brz-custom-id=\"v6ut338qv2Kh\"><picture class=\"brz-picture brz-d-block brz-p-relative brz-css-d-image-v6ut338qv2kh-picture brz-css-1nq0k3r\"><source srcset=\"https:\/\/www.taikaponit.fi\/?brizy_media=wp-553b7c1e4ec839d40b90cee27b422e6a.jpg&amp;brizy_crop=iW%3D263%26iH%3D175%26oX%3D0%26oY%3D0%26cW%3D263%26cH%3D175 1x, https:\/\/www.taikaponit.fi\/wp-content\/uploads\/brizy\/imgs\/nettisivuil-katja-1-scaled-526x350x0x0x526x350x1744140273.jpg 2x\" media=\"(min-width: 992px)\"><source srcset=\"https:\/\/www.taikaponit.fi\/?brizy_media=wp-553b7c1e4ec839d40b90cee27b422e6a.jpg&amp;brizy_crop=iW%3D353%26iH%3D236%26oX%3D0%26oY%3D0%26cW%3D353%26cH%3D236 1x, https:\/\/www.taikaponit.fi\/?brizy_media=wp-553b7c1e4ec839d40b90cee27b422e6a.jpg&amp;brizy_crop=iW%3D706%26iH%3D472%26oX%3D0%26oY%3D0%26cW%3D706%26cH%3D472 2x\" media=\"(min-width: 768px)\"><img decoding=\"async\" class=\"brz-img\" srcset=\"https:\/\/www.taikaponit.fi\/?brizy_media=wp-553b7c1e4ec839d40b90cee27b422e6a.jpg&amp;brizy_crop=iW%3D410%26iH%3D273%26oX%3D0%26oY%3D55%26cW%3D410%26cH%3D164 1x, https:\/\/www.taikaponit.fi\/wp-content\/uploads\/brizy\/imgs\/nettisivuil-katja-1-scaled-820x546x0x110x820x328x1744140273.jpg 2x\" src=\"https:\/\/www.taikaponit.fi\/?brizy_media=wp-553b7c1e4ec839d40b90cee27b422e6a.jpg&amp;brizy_crop=iW%3D263%26iH%3D175%26oX%3D0%26oY%3D0%26cW%3D263%26cH%3D175\" loading=\"lazy\" alt=\"{{brizy_dc_image_alt imageSrc=\"wp-553b7c1e4ec839d40b90cee27b422e6a.jpg\"}}\" title=\"\" draggable=\"false\"><\/picture><\/div>\n<\/div>\n<div id=\"\" class=\"brz-css-d-wrapper brz-css-jpgivj brz-wrapper\">\n<div class=\"brz-rich-text brz-rich-text__custom brz-css-d-richtext brz-css-1xg4zh4\" data-brz-custom-id=\"aV5VZT1qTlrO\">\n<div data-brz-translate-text=\"1\">\n<h5 class=\"brz-tp-lg-heading5 brz-css-uKex7\" data-uniq-id=\"w4xpg\" data-generated-css=\"brz-css-eI03F\">Katja Karhu<\/h5>\n<h5 class=\"brz-tp-lg-heading5 brz-css-zeSQ8\" data-uniq-id=\"w4xpg\" data-generated-css=\"brz-css-eI03F\">Yritt\u00e4j\u00e4 <\/h5>\n<\/div>\n<\/div>\n<\/div>\n<\/div>\n<\/div>\n<div class=\"brz-columns brz-css-d-column-column brz-css-1oe61ex\" data-brz-custom-id=\"ztWoR_WS3kkc\">\n<div class=\"brz-column__items brz-css-d-column-bg brz-css-bnf75b\">\n<div id=\"\" class=\"brz-css-d-wrapper brz-css-p75cwf brz-wrapper\">\n<div class=\"brz-image brz-css-d-image-hgbjx6qmosai-parent brz-css-5gojv6\" data-brz-custom-id=\"hGbJx6qMoSaI\"><picture class=\"brz-picture brz-d-block brz-p-relative brz-css-d-image-hgbjx6qmosai-picture brz-css-ct4rsv\"><source srcset=\"https:\/\/www.taikaponit.fi\/wp-content\/uploads\/2025\/04\/f849465d-812f-4378-81d5-de2056c3b4fd.jpg 1x, https:\/\/www.taikaponit.fi\/wp-content\/uploads\/2025\/04\/f849465d-812f-4378-81d5-de2056c3b4fd.jpg 2x\" media=\"(min-width: 992px)\"><source srcset=\"https:\/\/www.taikaponit.fi\/wp-content\/uploads\/2025\/04\/f849465d-812f-4378-81d5-de2056c3b4fd.jpg 1x, https:\/\/www.taikaponit.fi\/wp-content\/uploads\/2025\/04\/f849465d-812f-4378-81d5-de2056c3b4fd.jpg 2x\" media=\"(min-width: 768px)\"><img decoding=\"async\" class=\"brz-img\" srcset=\"https:\/\/www.taikaponit.fi\/wp-content\/uploads\/2025\/04\/f849465d-812f-4378-81d5-de2056c3b4fd.jpg 1x, https:\/\/www.taikaponit.fi\/wp-content\/uploads\/2025\/04\/f849465d-812f-4378-81d5-de2056c3b4fd.jpg 2x\" src=\"https:\/\/www.taikaponit.fi\/wp-content\/uploads\/2025\/04\/f849465d-812f-4378-81d5-de2056c3b4fd.jpg\" loading=\"lazy\" alt=\"{{brizy_dc_image_alt imageSrc=\"wp-a849ddd479ff29d7f16c1805eefac277.jpg\"}}\" title=\"\" draggable=\"false\"><\/picture><\/div>\n<\/div>\n<div id=\"\" class=\"brz-css-d-wrapper brz-css-3nqqxb brz-wrapper\">\n<div class=\"brz-rich-text brz-rich-text__custom brz-css-d-richtext brz-css-wsvttd\" data-brz-custom-id=\"eMDGq80YaKUf\">\n<div data-brz-translate-text=\"1\">\n<h5 class=\"brz-tp-lg-heading5 brz-css-f9CaK\" data-uniq-id=\"juWMf\" data-generated-css=\"brz-css-dGLCF\">Annika Kokko<\/h5>\n<\/div>\n<\/div>\n<\/div>\n<\/div>\n<\/div>\n<div class=\"brz-columns brz-css-d-column-column brz-css-1iiomvb\" data-brz-custom-id=\"hKsxIG1HU6tZ\">\n<div class=\"brz-column__items brz-css-d-column-bg brz-css-1m0isg0\">\n<div id=\"\" class=\"brz-css-d-wrapper brz-css-g60od brz-wrapper\">\n<div class=\"brz-image brz-css-d-image-np48ihvpqq1j-parent brz-css-ml7tsj\" data-brz-custom-id=\"nP48IHvPQQ1J\"><picture class=\"brz-picture brz-d-block brz-p-relative brz-css-d-image-np48ihvpqq1j-picture brz-css-m5czbd\"><source srcset=\"https:\/\/www.taikaponit.fi\/wp-content\/uploads\/2025\/04\/07576922-a7f2-4a0f-8bd6-07de55888e29.jpg 1x, https:\/\/www.taikaponit.fi\/wp-content\/uploads\/2025\/04\/07576922-a7f2-4a0f-8bd6-07de55888e29.jpg 2x\" media=\"(min-width: 992px)\"><source srcset=\"https:\/\/www.taikaponit.fi\/wp-content\/uploads\/2025\/04\/07576922-a7f2-4a0f-8bd6-07de55888e29.jpg 1x, https:\/\/www.taikaponit.fi\/wp-content\/uploads\/2025\/04\/07576922-a7f2-4a0f-8bd6-07de55888e29.jpg 2x\" media=\"(min-width: 768px)\"><img decoding=\"async\" class=\"brz-img\" srcset=\"https:\/\/www.taikaponit.fi\/wp-content\/uploads\/2025\/04\/07576922-a7f2-4a0f-8bd6-07de55888e29.jpg 1x, https:\/\/www.taikaponit.fi\/wp-content\/uploads\/2025\/04\/07576922-a7f2-4a0f-8bd6-07de55888e29.jpg 2x\" src=\"https:\/\/www.taikaponit.fi\/wp-content\/uploads\/2025\/04\/07576922-a7f2-4a0f-8bd6-07de55888e29.jpg\" loading=\"lazy\" alt=\"{{brizy_dc_image_alt imageSrc=\"wp-87ec52585e9f98c0214d47c2601d49c8.jpg\"}}\" title=\"\" draggable=\"false\"><\/picture><\/div>\n<\/div>\n<div id=\"\" class=\"brz-css-d-wrapper brz-css-aao285 brz-wrapper\">\n<div class=\"brz-rich-text brz-rich-text__custom brz-css-d-richtext brz-css-1uswht\" data-brz-custom-id=\"rPJymUAKG2OM\">\n<div data-brz-translate-text=\"1\">\n<h5 class=\"brz-tp-lg-heading5 brz-css-oTUc9\" data-uniq-id=\"kIbnr\" data-generated-css=\"brz-css-raXaf\">Heidi Kuusj\u00e4rvi<\/h5>\n<\/div>\n<\/div>\n<\/div>\n<\/div>\n<\/div>\n<div class=\"brz-columns brz-css-d-column-column brz-css-1x247by\" data-brz-custom-id=\"t0D_myn0Q9pz\">\n<div class=\"brz-column__items brz-css-d-column-bg brz-css-1eatiyy\">\n<div id=\"\" class=\"brz-css-d-wrapper brz-css-454yd6 brz-wrapper\">\n<div class=\"brz-image brz-css-d-image-ofkfhwiiknmz-parent brz-css-1f1toks\" data-brz-custom-id=\"ofkfHwIIknMz\"><picture class=\"brz-picture brz-d-block brz-p-relative brz-css-d-image-ofkfhwiiknmz-picture brz-css-1kluh2o\"><source srcset=\"https:\/\/www.taikaponit.fi\/wp-content\/uploads\/2025\/04\/Jukkkaa.jpg 1x, https:\/\/www.taikaponit.fi\/wp-content\/uploads\/2025\/04\/Jukkkaa.jpg 2x\" media=\"(min-width: 992px)\"><source srcset=\"https:\/\/www.taikaponit.fi\/wp-content\/uploads\/2025\/04\/Jukkkaa.jpg 1x, https:\/\/www.taikaponit.fi\/wp-content\/uploads\/2025\/04\/Jukkkaa.jpg 2x\" media=\"(min-width: 768px)\"><img decoding=\"async\" class=\"brz-img\" srcset=\"https:\/\/www.taikaponit.fi\/wp-content\/uploads\/2025\/04\/Jukkkaa.jpg 1x, https:\/\/www.taikaponit.fi\/wp-content\/uploads\/2025\/04\/Jukkkaa.jpg 2x\" src=\"https:\/\/www.taikaponit.fi\/wp-content\/uploads\/2025\/04\/Jukkkaa.jpg\" loading=\"lazy\" alt=\"{{brizy_dc_image_alt imageSrc=\"wp-950ee292b2e337ba00bf825d6c862b5d.jpg\"}}\" title=\"\" draggable=\"false\"><\/picture><\/div>\n<\/div>\n<div id=\"\" class=\"brz-css-d-wrapper brz-css-mtj8zf brz-wrapper\">\n<div class=\"brz-rich-text brz-rich-text__custom brz-css-d-richtext brz-css-j6e7s7\" data-brz-custom-id=\"dGe3b67GTP6F\">\n<div data-brz-translate-text=\"1\">\n<h5 class=\"brz-tp-lg-heading5 brz-css-dJQhQ\" data-uniq-id=\"gv4fR\" data-generated-css=\"brz-css-gvNHR\">Jukka Pesonen<\/h5>\n<\/div>\n<\/div>\n<\/div>\n<\/div>\n<\/div>\n<\/div>\n<\/div>\n<\/div>\n<\/div>\n<\/section><\/div>\n<p><!-- version:1769524167 --><\/p>\n","protected":false},"excerpt":{"rendered":"<p>Etusivu Palvelut Taikaratsastus Leikkitunti Taikatenavat Talent Maastoratsastukset Taikaponisyntt\u00e4rit Pollep\u00e4iv\u00e4t ja leirit Ponitalutus tapahtumiin Meist\u00e4 Esittely Ponit ja hevoset Muut el\u00e4imet Henkil\u00f6kunta UKK Hinnasto Hinnasto Ota yhteytt\u00e4 Sijainti Katja Karhu Yritt\u00e4j\u00e4 Annika Kokko Heidi Kuusj\u00e4rvi Jukka Pesonen<\/p>\n","protected":false},"author":1,"featured_media":0,"parent":0,"menu_order":0,"comment_status":"closed","ping_status":"closed","template":"brizy-blank-template.php","meta":{"_themeisle_gutenberg_block_has_review":false,"footnotes":""},"class_list":["post-1474","page","type-page","status-publish","hentry"],"brizy_media":[{"id":933,"url":"https:\/\/www.taikaponit.fi\/wp-content\/uploads\/2025\/04\/Jukkkaa.jpg","name":"Jukkkaa.jpg","meta":{"brizy_attachment_uid":"wp-950ee292b2e337ba00bf825d6c862b5d.jpg","brizy_post_uid":["c9cc880d730fc3033ce3229d2bd0ad6c","215f31bf4b544c6cbd18041112602653"]}},{"id":934,"url":"https:\/\/www.taikaponit.fi\/wp-content\/uploads\/2025\/04\/nettisivuil-katja-1-scaled.jpg","name":"nettisivuil-katja-1.jpg","meta":{"brizy_attachment_uid":"wp-553b7c1e4ec839d40b90cee27b422e6a.jpg","brizy_post_uid":["c9cc880d730fc3033ce3229d2bd0ad6c","215f31bf4b544c6cbd18041112602653"]}},{"id":948,"url":"https:\/\/www.taikaponit.fi\/wp-content\/uploads\/2025\/04\/jupaduuu-scaled.jpg","name":"jupaduuu.jpg","meta":{"brizy_attachment_uid":"wp-1c01354f70b7170b5b7e099714bda1fb.jpg","brizy_post_uid":["c9cc880d730fc3033ce3229d2bd0ad6c","215f31bf4b544c6cbd18041112602653"]}},{"id":952,"url":"https:\/\/www.taikaponit.fi\/wp-content\/uploads\/2025\/04\/f849465d-812f-4378-81d5-de2056c3b4fd.jpg","name":"f849465d-812f-4378-81d5-de2056c3b4fd.jpg","meta":{"brizy_attachment_uid":"wp-a849ddd479ff29d7f16c1805eefac277.jpg","brizy_post_uid":["c9cc880d730fc3033ce3229d2bd0ad6c","215f31bf4b544c6cbd18041112602653"]}},{"id":954,"url":"https:\/\/www.taikaponit.fi\/wp-content\/uploads\/2025\/04\/07576922-a7f2-4a0f-8bd6-07de55888e29.jpg","name":"07576922-a7f2-4a0f-8bd6-07de55888e29.jpg","meta":{"brizy_attachment_uid":"wp-87ec52585e9f98c0214d47c2601d49c8.jpg","brizy_post_uid":["c9cc880d730fc3033ce3229d2bd0ad6c","215f31bf4b544c6cbd18041112602653"]}}],"_links":{"self":[{"href":"https:\/\/www.taikaponit.fi\/index.php?rest_route=\/wp\/v2\/pages\/1474","targetHints":{"allow":["GET"]}}],"collection":[{"href":"https:\/\/www.taikaponit.fi\/index.php?rest_route=\/wp\/v2\/pages"}],"about":[{"href":"https:\/\/www.taikaponit.fi\/index.php?rest_route=\/wp\/v2\/types\/page"}],"author":[{"embeddable":true,"href":"https:\/\/www.taikaponit.fi\/index.php?rest_route=\/wp\/v2\/users\/1"}],"replies":[{"embeddable":true,"href":"https:\/\/www.taikaponit.fi\/index.php?rest_route=%2Fwp%2Fv2%2Fcomments&post=1474"}],"version-history":[{"count":11,"href":"https:\/\/www.taikaponit.fi\/index.php?rest_route=\/wp\/v2\/pages\/1474\/revisions"}],"predecessor-version":[{"id":1532,"href":"https:\/\/www.taikaponit.fi\/index.php?rest_route=\/wp\/v2\/pages\/1474\/revisions\/1532"}],"wp:attachment":[{"href":"https:\/\/www.taikaponit.fi\/index.php?rest_route=%2Fwp%2Fv2%2Fmedia&parent=1474"}],"curies":[{"name":"wp","href":"https:\/\/api.w.org\/{rel}","templated":true}]}}